, 83
List the prime factors of 3553.
11, 17, 19
What are the prime factors of 37799?
37799
List the prime factors of 19381.
19381
List the prime factors of 43448.
2, 5431
What are the prime factors of 73570?
2, 5, 7, 1051
List the prime factors of 3835.
5, 13, 59
What are the prime factors of 3828?
2, 3, 11, 29
What are the prime factors of 675?
3, 5
What are the prime factors of 21373?
11, 29, 67
List the prime factors of 26233.
37, 709
What are the prime factors of 3920?
2, 5, 7
What are the prime factors of 9032?
2, 1129
List the prime factors of 18803.
18803
What are the prime factors of 27283?
27283
What are the prime factors of 48940?
2, 5, 2447
List the prime factors of 29490.
2, 3, 5, 983
List the prime factors of 10202.
2, 5101
List the prime factors of 10003.
7, 1429
What are the prime factors of 3665?
5, 733
What are the prime factors of 52291?
52291
What are the prime factors of 42965?
5, 13, 661
List the prime factors of 54800.
2, 5, 137
List the prime factors of 5256.
2, 3, 73
What are the prime factors of 7174?
2, 17, 211
List the prime factors of 27464.
2, 3433
List the prime factors of 4353.
3, 1451
What are the prime factors of 4680?
2, 3, 5, 13
List the prime factors of 149489.
149489
What are the prime factors of 1246?
2, 7, 89
What are the prime factors of 33102?
2, 3, 613
What are the prime factors of 2532?
2, 3, 211
List the prime factors of 111977.
111977
What are the prime factors of 993?
3, 331
What are the prime factors of 1085?
5, 7, 31
List the prime factors of 24461.
61, 401
List the prime factors of 5065.
5, 1013
What are the prime factors of 93679?
23, 4073
What are the prime factors of 75972?
2, 3, 13, 487
List the prime factors of 41718.
2, 3, 17, 409
List the prime factors of 59994.
2, 3, 11, 101
What are the prime factors of 9499?
7, 23, 59
What are the prime factors of 4588?
2, 31, 37
List the prime factors of 847.
7, 11
What are the prime factors of 5388?
2, 3, 449
What are the prime factors of 2871?
3, 11, 29
What are the prime factors of 28217?
7, 29, 139
List the prime factors of 21971.
127, 173
List the prime factors of 5149.
19, 271
List the prime factors of 6429.
3, 2143
What are the prime factors of 455?
5, 7, 13
List the prime factors of 7299.
3, 811
What are the prime factors of 1117?
1117
What are the prime factors of 1574?
2, 787
List the prime factors of 1458.
2, 3
List the prime factors of 2787.
3, 929
List the prime factors of 8788.
2, 13
What are the prime factors of 424?
2, 53
What are the prime factors of 16696?
2, 2087
What are the prime factors of 15740?
2, 5, 787
List the prime factors of 31447.
13, 41, 59
What are the prime factors of 1324?
2, 331
What are the prime factors of 371?
7, 53
What are the prime factors of 31255?
5, 7, 19, 47
What are the prime factors of 234?
2, 3, 13
What are the prime factors of 2441?
2441
List the prime factors of 22497.
3, 7499
List the prime factors of 359.
359
List the prime factors of 7278.
2, 3, 1213
List the prime factors of 15.
3, 5
List the prime factors of 104016.
2, 3, 11, 197
List the prime factors of 16187.
16187
What are the prime factors of 46442?
2, 11, 2111
List the prime factors of 244.
2, 61
List the prime factors of 304.
2, 19
List the prime factors of 154299.
3, 19, 2707
What are the prime factors of 7180?
2, 5, 359
What are the prime factors of 371?
7, 53
What are the prime factors of 11187?
3, 11, 113
What are the prime factors of 36789?
3, 12263
What are the prime factors of 2461?
23, 107
What are the prime factors of 43?
43
List the prime factors of 2409.
3, 11, 73
What are the prime factors of 989?
23, 43
What are the prime factors of 2758?
2, 7, 197
List the prime factors of 82940.
2, 5, 11, 13, 29
What are the prime factors of 6362?
2, 3181
What are the prime factors of 18628?
2, 4657
List the prime factors of 21739.
21739
List the prime factors of 1065.
3, 5, 71
List the prime factors of 393.
3, 131
What are the prime factors of 33204?
2, 3, 2767
List the prime factors of 165.
3, 5, 11
List the prime factors of 10016.
2, 313
What are the prime factors of 4009?
19, 211
List the prime factors of 5253.
3, 17, 103
What are the prime factors of 2286?
2, 3, 127
What are the prime factors of 84941?
29, 101
What are the prime factors of 37291?
89, 419
What are the prime factors of 6513?
3, 13, 167
What are the prime factors of 516?
2, 3, 43
What are the prime factors of 2879?
2879
What are the prime factors of 8041?
11, 17, 43
List the prime factors of 282.
2, 3, 47
What are the prime factors of 1188?
2, 3, 11
List the prime factors of 619.
619
What are the prime factors of 3246?
2, 3, 541
What are the prime factors of 14006?
2, 47, 149
List the prime factors of 10942.
2, 5471
What are the prime factors of 26809?
17, 19, 83
List the prime factors of 4869.
3, 541
List the prime factors of 96723.
3, 11, 977
What are the prime factors of 5964?
2, 3, 7, 71
List the prime factors of 681.
3, 227
What are the prime factors of 8352?
2, 3, 29
What are the prime factors of 12044?
2, 3011
List the prime factors of 12439.
7, 1777
What are the prime factors of 15046?
2, 7523
List the prime factors of 27547.
13, 163
What are the prime factors of 80937?
3, 17, 23
List the prime factors of 12660.
2, 3, 5, 211
What are the prime factors of 62461?
7, 8923
What are the prime factors of 473?
11, 43
What are the prime factors of 9838?
2, 4919
What are the prime factors of 2500?
2, 5
List the prime factors of 34875.
3, 5, 31
What are the prime factors of 1285?
5, 257
List the prime factors of 58105.
5, 11621
List the prime factors of 947.
947
What are the prime factors of 295?
5, 59
What are the prime factors of 3008?
2, 47
List the prime factors of 60132.
2, 3, 5011
List the prime factors of 112077.
3, 7, 593
What are the prime factors of 115191?
3, 12799
What are the prime factors of 40385?
5, 41, 197
List the prime factors of 35224.
2, 7, 17, 37
List the prime factors of 114416.
2, 7151
List the prime factors of 39516.
2, 3, 37, 89
What are the prime factors of 8736?
2, 3, 7, 13
What are the prime factors of 143733?
3, 47911
What are the prime factors of 871?
13, 67
List the prime factors of 9282.
2, 3, 7, 13, 17
List the prime factors of 463.
463
What are the prime factors of 67108?
2, 19, 883
List the prime factors of 44032.
2, 43
What are the prime factors of 8422?
2, 4211
What are the prime factors of 32793?
3, 17, 643
List the prime factors of 116997.
3, 59, 661
What are the prime factors of 43168?
2, 19, 71
List the prime factors of 136.
2, 17
List the prime factors of 80361.
3, 8929
What are the prime factors of 8931?
3, 13, 229
What are the prime factors of 77459?
29, 2671
What are the prime factors of 3836?
2, 7, 137
List the prime factors of 975.
3, 5, 13
What are the prime factors of 5919?
3, 1973
What are the prime factors of 2580?
2, 3, 5, 43
What are the prime factors of 87698?
2, 13, 3373
List the prime factors of 3689.
7, 17, 31
What are the prime factors of 5096?
2, 7, 13
What are the prime factors of 112?
2, 7
What are the prime factors of 1046?
2, 523
What are the prime factors of 3695?
5, 739
List the prime factors of 8257.
23, 359
What are the prime factors of 58516?
2, 14629
What are the prime factors of 807?
3, 269
List the prime factors of 2574.
2, 3, 11, 13
What are the prime factors of 108655?
5, 31, 701
What are the prime factors of 4080?
2, 3, 5, 17
What are the prime factors of 1638?
2, 3, 7, 13
List the prime factors of 307.
307
What are the prime factors of 3942?
2, 3, 73
List the prime factors of 1252.
2, 313
List the prime factors of 4923.
3, 547
List the prime factors of 14434.
2, 7, 1031
List the prime factors of 404.
2, 101
List the prime factors of 791.
7, 113
List the prime factors of 29159.
13, 2243
What are the prime factors of 9902?
2, 4951
List the prime factors of 1970.
2, 5, 197
List the prime factors of 1318.
2, 659
What are the prime factors of 41578?
2, 20789
What are the prime factors of 1057?
7, 151
What are the prime factors of 6447?
3, 7, 307
What are the prime factors of 1296?
2, 3
What are the prime factors of 10387?
13, 17, 47
What are the prime factors of 1844?
2, 461
List the prime factors of 2473.
2473
List the prime factors of 2712.
2, 3, 113
List the prime factors of 682.
2, 11, 31
List the